 0. What is the highest common divisor of i and 18?
18
Let p be (-2)/4 - (-1311)/2. Let n be (-4)/(-6) + p/3. Let f = n - 131. Calculate the greatest common divisor of f and 8.
8
Suppose -2*l - 5 = 3*l, 3*w = -3*l + 15. What is the highest common divisor of w and 48?
6
Let k be 84/15 - (-2)/5. Let y = k - 3. Suppose -3*x - 2*x + 1 = g, -y*x + 19 = -4*g. Calculate the greatest common divisor of x and 2.
1
Let c = -231 + 375. Let i(x) = -x - 1. Let g(o) = -4*o**2 + 2*o + 1. Let a(s) = -g(s) - 3*i(s). Let n be a(-2). Calculate the highest common divisor of c and n.
16
Let c be -72*((-8)/6)/(-2). Let d be (-18)/(-8)*c/(-9). What is the greatest common factor of d and 96?
12
Let h(p) = -p**3 + 7*p**2 - 7*p + 14. Let y be h(6). Calculate the greatest common divisor of y and 4.
4
Let s(n) = -n**3 + 11*n**2 - 9*n + 8. Let i be s(10). What is the highest common factor of 90 and i?
18
Let f = 5 + -3. Suppose 7*i + h - 41 = 3*i, 0 = -f*i + h + 13. Calculate the highest common factor of i and 1.
1
Let h = -10 - -7. Let x(f) = f**2 - 3. Let w be x(h). What is the greatest common factor of w and 48?
6
Let q be (-4)/((-4)/3) - 8. Let j = q + 5. Suppose -3*b + 17 + 13 = j. Calculate the highest common factor of b and 25.
5
Let w(a) = -a**2 + 7*a - 3. Let c be w(5). Let s = c + -9. Let j be 12*(s - (-15)/6). Calculate the highest common divisor of j and 48.
6
Let j be 4 - 3 - (-154 - 2)/4. Calculate the highest common divisor of j and 32.
8
Let r = 20 - 0. Suppose 5*k - g = -3*g + 10, -3*k + 6 = 4*g. Suppose k*x = 8, 2*j = -3*j - x + 44. What is the highest common divisor of r and j?
4
Suppose 2*g - 30 = 2. What is the greatest common divisor of g and 24?
8
Let n(v) = -2*v**3 - 2*v**2 + v + 2. Let p be n(-3). Let r be -2 + 6/2 - -21. Let q = -17 + r. What is the greatest common divisor of q and p?
5
Suppose 0*o = 5*o + 20. Let f = o + 4. Suppose f = -4*u + 2*u + 216. What is the highest common factor of u and 12?
12
Let n = 4 - -10. Suppose -2*i + 2 = -n. Let f be 102/i + 3/12. What is the highest common factor of 65 and f?
13
Suppose 2*a - 27 - 43 = 0. Suppose -5*l + 30 = b - 0*b, 5*b = 4*l + 5. What is the highest common divisor of b and a?
5
Let l be 4/(-10) + 3*24/30. Suppose 3*v = 2 + 13. What is the greatest common factor of l and v?
1
Suppose 8*o - 162 = 2*o. What is the greatest common divisor of o and 54?
27
Let t = 17 - 6. Let u = t + -5. What is the highest common divisor of 15 and u?
3
Let d(c) = 2*c**3 - c**2 - 2*c - 1. Let t be d(3). Calculate the highest common divisor of 19 and t.
19
Suppose -4*d = -9*d + 880. Suppose 3*z - 76 = 5*i, 5*z + i + 26 - 134 = 0. What is the greatest common factor of d and z?
22
Let u be 14/4 + 2/4. Suppose -u*v = 4, -2*h - 2 = 2*v - 0. Let m be 3*96/9 + h. Calculate the highest common factor of 8 and m.
8
Let l(h) = -h + 30. Let u be l(0). Let v be (2 + -3 + 2)*3. Suppose -y + 2*o = -16, 2*o - 21 = -v*y + 43. What is the highest common factor of u and y?
10
Suppose 4*j - 1 - 11 = 0. Calculate the highest common divisor of j and 3.
3
Let a be 418/10 - (-11)/55. Calculate the highest common factor of a and 105.
21
Let u be 649/8 - (-3)/(-24). Calculate the highest common factor of u and 9.
9
Let y(l) = l**2 + 17*l - 48. Let d be y(-21). Calculate the highest common divisor of 252 and d.
36
Let s(o) = -2*o + 8*o - 5*o + 8*o. Let j be s(2). What is the highest common divisor of 18 and j?
18
Let c be (2*2)/((-20)/(-130)). Suppose y + c = -5*d + 97, 0 = -y + 4*d + 35. Calculate the highest common factor of 17 and y.
17
Let i = 1 + 2. Let o be 98/(-1) + -1 + i. Let p = 136 + o. What is the highest common factor of 10 and p?
10
Let c = 235 + -73. Calculate the greatest common divisor of 18 and c.
18
Let r = -9 - -30. Suppose 4*l - 48 = -l - 4*u, -u + 57 = 5*l. Suppose i - 5*i + l = 0. What is the highest common divisor of i and r?
3
Suppose 3*x + 3*g - 2*g = 38, -8 = 2*g. Calculate the highest common factor of x and 56.
14
Suppose 0 = k + 3*k - 212. Suppose 4*c - k = -1. Let z = 108 + -56. Calculate the greatest common factor of c and z.
13
Suppose -2 - 13 = -5*a + 2*w, -2*a = -w - 6. What is the greatest common factor of 15 and a?
3
Let v = 118 + -63. Let r(g) = 11*g + 1. Let t be r(-4). Let z be t/(-4) - (-5)/20. Calculate the highest common divisor of z and v.
11
Let m = 6 + -4. Suppose 0 = -2*z + 6*z - 16. What is the highest common divisor of z and m?
2
Let t be (-11)/2 - (-1)/2. Let o(k) = k + 16. Let z be o(0). Let d = z + t. Calculate the highest common factor of 121 and d.
11
Let z = -148 - -236. What is the highest common factor of z and 8?
8
Let w be (-1460)/(-25) + -2 - (-2)/(-5). Suppose 3*l = -9, u + 30 = -u - 4*l. Let t = -2 - u. What is the greatest common divisor of w and t?
7
Suppose z = 4*z - 3. Let x be (-26)/((-1)/z*2). What is the highest common divisor of 13 and x?
13
Suppose -17*u = -12*u - 140. Let z be (-1116)/(-16) + (-2)/(-8). What is the highest common divisor of u and z?
14
Let o = 1 + 3. Suppose -30 = -3*n + f + 32, -5*n = 2*f - 85. Suppose -2*q + 10 = 2*p, 4*p = -6*q + q + n. What is the highest common factor of o and p?
2
Suppose -29 = 4*f + 3*i, -f + 18 = -3*f + 2*i. Let l be (-28)/f*12/2. What is the greatest common divisor of 3 and l?
3
Let z(i) = 5*i**2 + 4*i - 3. Let d be z(2). What is the highest common factor of 275 and d?
25
Suppose -2*l = -q - 4*q + 16, -4*l - 20 = -4*q. Suppose -2*h + 7*h = -60. Let u be 2/12 - 262/h. What is the greatest common factor of u and q?
2
Suppose -15 = 3*i - 3*j, 0*i + i - 4*j + 20 = 0. Suppose -5*r - a + 316 = i, -a - 414 + 154 = -4*r. What is the highest common factor of r and 8?
8
Let a be (2 - -2)/(-2) - -8. Let t be (a/15)/((-1)/(-45)). What is the highest common factor of 45 and t?
9
Let f(q) = 37*q - 1. Let c be f(3). Suppose 88 = 4*o + 5*v, -v = 3*o + 2*o - c. Calculate the highest common factor of 176 and o.
22
Let a be 7/7 - (0 - 12). Let t = -36 + 88. Calculate the greatest common factor of a and t.
13
Let m(z) = -15*z + 2. Let w be m(-2). Let y = w - 13. Let d = -42 - -61. Calculate the greatest common divisor of d and y.
19
Suppose -d + 0*d + 3*u + 313 = 0, 5*d - 1508 = -4*u. What is the greatest common divisor of 38 and d?
38
Suppose -4*q + 3*z + 710 = 0, 0 = 2*q - 0*z - z - 354. Calculate the highest common divisor of 16 and q.
16
Let d = 152 - 86. What is the highest common factor of d and 44?
22
Suppose j = -j. Let d(x) = x + 3. Let l be d(j). Let z = l + -2. Calculate the greatest common divisor of z and 1.
1
Let y(b) = -b**3 - 4*b**2 + 2*b - 1. Let s be y(-4). Let r be (-295)/s + 4/18. Let n be 8/2 + (-2 - -1). What is the greatest common factor of n and r?
3
Suppose 0 = 4*d + 221 - 45. Let k be 159/33 + (-8)/d. Calculate the highest common divisor of k and 55.
5
Let x = 23 + -15. What is the greatest common factor of x and 40?
8
Suppose 0*l - 21 = -3*l. Let f = -1 - -8. Calculate the highest common divisor of l and f.
7
Let k(l) = -13*l - 20. Let f be k(-10). Calculate the greatest common divisor of f and 22.
22
Let b be 94/10 - 2/5. Let u(i) = -i**3 - 3*i**2 - i - 4. Let c be u(-4). Let t = c + 11. Calculate the greatest common divisor of b and t.
9
Let m(o) = -o - 23. Let c be m(0). Let j = -14 - c. Suppose 0 = r + h - 8, 2*h - 34 = r - 6*r. What is the highest common factor of j and r?
3
Let i be (1 - 8/6)*-6. Suppose i*y - 56 = -3*z + 3, -2*z = 5*y - 120. Suppose -4*b = -7*b + 6. Calculate the greatest common factor of y and b.
2
Suppose h - 2*h = 0. Let g = h + 6. Let f(x) = x - 3. Let a be f(g). Calculate the highest common factor of a and 33.
3
Let j be (-30)/(-3) - (5 - 1). Calculate the greatest common divisor of 48 and j.
6
Suppose g + 10 = -3*f + f, 4*f = -8. Let y be (-114)/(-10) + g/15. Let i be 22*5/(-30)*-15. What is the greatest common factor of i and y?
11
Suppose -4*a - 2*g + 844 = g, -4*g - 816 = -4*a. Suppose 2*u - 4*u = -a. Let q = 25 + -12. Calculate the greatest common factor of u and q.
13
Suppose 4*c - 3*c - 8 = 0. Calculate the greatest common factor of c and 40.
8
Let u = 9 - 2. Let s = u - 0. What is the greatest common divisor of s and 1?
1
Suppose -4*z = -16, 0*z = -5*x + 4*z + 179. Calculate the highest common factor of 312 and x.
39
Suppose 4*r = -y - 81, 0 = 3*y + 4*r - 75 + 294. Let p = -36 - y. 